he prime factors of c(6)?
2, 11, 13
Let b(z) = z**3 + 9*z**2 + 8*z + 8. Suppose 2*a - 7 + 1 = 0. Suppose 0 = -a*m - 8 - 16. List the prime factors of b(m).
2
Suppose -61 = -4*y + 5*f, 6*y + 5*f - 20 = y. Let i = y + -12. List the prime factors of 0 + 2 + 2 - i.
7
Suppose v = 2*v - 63. Let b(c) = -10*c. Let f be b(-6). List the prime factors of f/7 - v/(-147).
3
Let l = -935 + 1493. List the prime factors of l.
2, 3, 31
Let b = 1497 - 737. What are the prime factors of b?
2, 5, 19
Suppose 0 = 3*m + 33 + 15. Let n be (285/20)/((-6)/m). Suppose -3*g = -g - n. What are the prime factors of g?
19
Suppose 5*z - 16 = -3*z. What are the prime factors of 25/((-750)/36)*(-125)/z?
3, 5
Let i(r) = -r**2 + r + 1. Let v(a) = a**2 + 12*a - 12. Let b(d) = 2*i(d) + v(d). Let u(w) = -w. Let l(n) = -b(n) - 5*u(n). List the prime factors of l(10).
2, 5
Suppose 9*h = 11699 + 24643. List the prime factors of h.
2, 3, 673
Let x(y) = -26*y - 4. Let w be x(3). Let f be (-16)/(-4) + (w - 0). List the prime factors of (f/(-26))/((-6)/(-8)).
2
Let w = -44 + 154. List the prime factors of w.
2, 5, 11
Let o(h) be the second derivative of h**4/12 + 5*h**3/6 + 23*h**2/2 + 18*h. What are the prime factors of o(-6)?
29
What are the prime factors of (-117406)/(-235) + 7/5?
3, 167
Suppose -97 = -p - k + 5*k, -204 = -2*p - 2*k. Let h = p + -55. List the prime factors of h.
2, 23
Suppose -v + 15 = -4*g, v + 6 = 3*v - 2*g. Let l(p) = -12*p**3 - 5*p**3 - 44*p + 2*p**2 - 51*p + 96*p. List the prime factors of l(v).
2, 3
Let f(b) = -b**2 - 17*b - 23. Let j(t) = -8*t - 11. Let d(w) = -6*f(w) + 13*j(w). Let m be d(-5). Suppose 11*u - m = 6*u. List the prime factors of u.
31
Let f = -8 - -10. Suppose -5*m - 33 = -l, 0 = -l - l + f*m + 34. What are the prime factors of l?
13
Let s(a) = a**3 - 8*a**2 + 11*a - 6. Let n(h) = 3*h**3 - 16*h**2 + 22*h - 13. Let i(z) = 2*n(z) - 5*s(z). What are the prime factors of i(-8)?
2, 23
Suppose -10 = -2*t + 86. Suppose -86*z = -87*z. Suppose 5*d - t - 12 = z. What are the prime factors of d?
2, 3
Let p = -38 - -78. List the prime factors of p.
2, 5
Suppose -7*z + 3*z + 5*b = 665, 5*z + 2*b + 823 = 0. What are the prime factors of (-4)/(-12)*-3 - z?
2, 41
Suppose 4*l + 2*d = 106, -5*l + 2*d + 0*d + 137 = 0. Suppose -l*i = -22*i - 365. What are the prime factors of i?
73
Let c(b) = -b**3 + 3*b**2 - 4*b + 908. List the prime factors of c(0).
2, 227
Let z = 11 + -8. Suppose 52 = z*b + 2*f - 33, 0 = -5*b - f + 137. Let s = 43 + b. What are the prime factors of s?
2, 5, 7
What are the prime factors of (0 - -3) + (380 - 1)?
2, 191
Let k(f) = f + 1. Let m be k(5). Suppose -t + 2 = p, -p + m*t - 16 = t. List the prime factors of (p - 2/3)*-15.
5
Let r(x) = -23*x**3 + 8*x**2 - 5*x + 7. What are the prime factors of r(-4)?
1627
Let m = 1337 + 385. What are the prime factors of m?
2, 3, 7, 41
Let c be 3/12 - (-420)/48. Suppose -c*a - 300 = -10*a. List the prime factors of a.
2, 3, 5
Suppose -5*h = 5*t - 1915, 5*h = 4*t - 1929 + 442. List the prime factors of t.
2, 3, 7
Let g be (88/(-55))/((-2)/5). Suppose -g*b + 974 = -5*t, 0 = -0*b + 3*b + 4*t - 715. Suppose -5*q - 76 = -b. List the prime factors of q.
3, 11
Let w = 99 + -93. Suppose 38 = -w*y + 944. List the prime factors of y.
151
Let b(g) = g**3 + 25*g**2 + 36*g + 46. List the prime factors of b(-23).
2, 3, 23
Let q(z) = -14*z + 177. What are the prime factors of q(-70)?
13, 89
Suppose -7*p - 7*p = 0. Suppose -5*u + 536 = -2*u + 4*b, -2*u - 4*b + 352 = p. List the prime factors of u.
2, 23
Let n(w) = w**3 + w**2 - w - 89. Let p be n(0). Let c = -46 - p. List the prime factors of c.
43
Suppose -3*o + o - a = 2, 0 = -o - 5*a - 10. Suppose 13*l - 18*l + 90 = o. What are the prime factors of l?
2, 3
Suppose 0*d - 2*d + 2*v = -38, -v = 4*d - 51. Let j = d - 11. Suppose -j*w + 6 = -w. What are the prime factors of w?
3
Let y be 2/((1 - -2)/27*6). Suppose 3*r + 4*b - 46 = 102, -2*r + 100 = y*b. List the prime factors of r.
2, 11
Let l = 24 - 20. Suppose -l*a - 9 = -a, -z - 5*a = 21. Let j(u) = -3*u + 12. List the prime factors of j(z).
2, 3, 5
Let l = 1096 + 189. Suppose -3*w + 6 = -24. What are the prime factors of 6/w + l/25?
2, 13
Let j(x) = -x + 4. Let c be j(-6). Suppose c = -v - 1. Let m(f) = f**2 + 10*f + 8. List the prime factors of m(v).
19
Let y(q) = -123*q + 34. List the prime factors of y(-19).
2371
Let p(o) = -o**3 - 8*o**2 - o - 8. Let g be p(-8). Suppose g*y = 4*y. Suppose -3*k + 9 + y = 0. List the prime factors of k.
3
Suppose -4 = x - 7. Let i = x - -3. List the prime factors of i.
2, 3
Let f be (-6)/(-10) + 2/5. Let o be (142 - 4 - -1)/f. Suppose -4*c + 3*m = -183, -3*c - 2*m = -6*m - o. List the prime factors of c.
3, 5
List the prime factors of (-5 + 101)*132/18.
2, 11
Suppose -o = 2*o - 5*r - 24, 4*o + 3*r = 3. Suppose -4*h + 0*h = -o*p - 323, p = 2*h - 159. What are the prime factors of h?
7, 11
Let n be (-9)/54 - (-26)/12. List the prime factors of (-630)/(-5) + -2 + n.
2, 3, 7
List the prime factors of 2*45/20*2804/3.
2, 3, 701
Suppose -4647 = -4*q - j, 40*q - 35*q - 5814 = -3*j. What are the prime factors of q?
3, 43
Let p = -17 + 48. What are the prime factors of (p/2)/((-6)/(-12))?
31
Let c(q) = -8*q - 61. Let o be c(-11). What are the prime factors of 315/o*(17 - -1)?
2, 3, 5, 7
Let r(d) = d**2 - 8*d - 16. Let o = 43 + -29. List the prime factors of r(o).
2, 17
Let x(y) = 65*y - 103. List the prime factors of x(8).
3, 139
What are the prime factors of 2/2 - -14*(1 + 21)?
3, 103
Suppose -5*r + 2*q = -q + 34, 6 = 2*q. List the prime factors of 63/105 - 917/r.
2, 23
Suppose -40*i - 6643 = -53*i. List the prime factors of i.
7, 73
Suppose 0 = -6*s + 19779 - 6141. What are the prime factors of s?
2273
Let j(p) be the first derivative of -p**3/3 - 5*p**2 + 2*p + 28. What are the prime factors of j(-7)?
23
Let s(g) = g**3 + 18*g**2 + 7*g - 58. What are the prime factors of s(-13)?
2, 3, 29
Let i(s) = -6*s**3 + 11*s**2 + 25*s + 84. List the prime factors of i(-7).
2, 7, 179
Let w = 16 - 21. List the prime factors of ((-2)/w)/(314/(-315) + 1).
2, 3, 7
Suppose 27*s - 4*s - 114609 = 0. List the prime factors of s.
3, 11, 151
Let d(q) = q**3 - 12*q**2 + 15*q - 12. Let s(y) = y - 6. Let m be s(9). Suppose g - 44 = -m*g. List the prime factors of d(g).
2
Let a be 39 + (-1 - (-12)/3). Suppose -4*k - 2*k = -a. What are the prime factors of k?
7
Suppose 11*c - 6*c = 20. Suppose -8 = -c*k + 28. What are the prime factors of k?
3
Let x be (-511)/(-3) + 110/66. Let r = 366 - x. List the prime factors of r.
2, 97
Suppose 6*i - 12 = -0*i. Suppose c - d = -6*d + 13, 0 = i*c + 4*d - 14. Suppose 8 = c*j - 82. What are the prime factors of j?
2, 3, 5
Let j(v) = -2*v - 17. Let p be j(-9). What are the prime factors of (-45)/(-39) - p - (-924)/78?
2, 3
Let i be (0 - 10/6)/(9/(-1134)). Suppose v + 2*w - 65 + 8 = 0, -5*v + 2*w + 237 = 0. Suppose 5*d - l = 271, 3*d + l - i + v = 0. List the prime factors of d.
2, 3
Suppose 4*t + 389 = 5*i, -67*t + 312 = 4*i - 70*t. List the prime factors of i.
3
Suppose o - 1233 = 470. Suppose -q + o = -957. List the prime factors of ((-3)/2)/((-57)/q).
2, 5, 7
Suppose -2*d - 4*f = -30, -2*d = 2*d - 3*f - 16. Suppose 4*m + 28 = w, d + 2 = -3*m. What are the prime factors of w?
2
Suppose 16*s = -10*s + 86892. What are the prime factors of s?
2, 3, 557
Let i = 3364 + -2097. What are the prime factors of i?
7, 181
Let a(j) = -156*j**3 - 3*j**2 - 6*j - 8. List the prime factors of a(-2).
2, 5, 31
Suppose 0 = -5*j - 38 + 103. Suppose -j = -5*p + 7. Suppose -c - 9 = -p*c + 5*f, 3*f - 15 = -5*c. List the prime factors of c.
3
Let b(w) be the second derivative of w**5/20 + 13*w**4/12 + 7*w**3/2 + 4*w**2 + 36*w. List the prime factors of b(-8).
2, 5
Let w(d) = 63*d**2 + 13*d + 38. List the prime factors of w(-7).
2, 37, 41
Let f = -4174 - -6250. What are the prime factors of f?
2, 3, 173
Let j(t) = -5*t + 20. What are the prime factors of j(-10)?
2, 5, 7
Suppose -49 = -3*y + 5*q - 10, 2*q = -6. Let a = y - 1. Let w = a - -2. List the prime factors of w.
3
Let g = -31 + 35. Suppose -2*i - 5*f = -11, -4*i + f = -g*f - 7. Suppose 0 = -i*a - 49 + 169. List the prime factors of a.
2, 5
What are the prime factors of 6 + 1047/(-12)*(-24)/6?
5, 71
Suppose -22*o + 2558 = -874. What are the prime fac